{"id":1126,"date":"2026-02-21T17:30:15","date_gmt":"2026-02-21T21:30:15","guid":{"rendered":"https:\/\/www.rutadelascasastipicasrd.com\/?page_id=1126"},"modified":"2026-02-28T18:49:13","modified_gmt":"2026-02-28T22:49:13","slug":"audioguide","status":"publish","type":"page","link":"https:\/\/www.rutadelascasastipicasrd.com\/index.php\/audioguide\/","title":{"rendered":"AudioGuide"},"content":{"rendered":"\n<h2 class=\"wp-block-heading has-large-font-size\">D\u00e9couvrez l&rsquo;audioguide pour mobile de la Ruta de las Casas T\u00edpicas<\/h2>\n\n\n\n<p><br><strong>Un audioguide \u00e0 t\u00e9l\u00e9charger sur votre mobile<\/strong> et utilisable sans connexion internet (<em>mode d&#8217;emploi simple fourni lors de l&rsquo;achat en ligne<\/em>).<\/p>\n\n\n\n<p>L&rsquo;audioguide est compos\u00e9 de 16 capsules audio de 2 \u00e0 3 minutes chacune, pour d\u00e9couvrir <strong>la Route des Maisons Typiques de Las Galeras<\/strong> lors d\u2019une excursion immersive que vous pourrez effectuer avec votre propre v\u00e9hicule.<\/p>\n\n\n\n<p><strong>C&rsquo;est une exp\u00e9rience id\u00e9ale \u00e0 vivre en famille, en couple, seul ou entre amis<\/strong>.<\/p>\n\n\n\n<div class=\"wp-block-buttons is-content-justification-center is-layout-flex wp-container-core-buttons-is-layout-16018d1d wp-block-buttons-is-layout-flex\">\n<div class=\"wp-block-button has-custom-width wp-block-button__width-75 is-style-fill\"><a class=\"wp-block-button__link has-background has-custom-font-size wp-element-button\" href=\"https:\/\/buy.stripe.com\/14AfZg417a4i3u7aOi9oc05\" style=\"background-color:#3d56b1;font-size:22px\" target=\"_blank\" rel=\"noreferrer noopener nofollow\">Acheter l&rsquo;audioguide<\/a><\/div>\n<\/div>\n\n\n\n<div style=\"height:9px\" aria-hidden=\"true\" class=\"wp-block-spacer\"><\/div>\n\n\n<div class=\"wp-block-image\">\n<figure class=\"aligncenter size-full is-resized\"><a href=\"https:\/\/buy.stripe.com\/14AfZg417a4i3u7aOi9oc05\" target=\"_blank\" rel=\" noreferrer noopener\"><img loading=\"lazy\" decoding=\"async\" width=\"720\" height=\"1600\" src=\"https:\/\/www.rutadelascasastipicasrd.com\/wp-content\/uploads\/2026\/02\/App-Mobile-FR.jpeg\" alt=\"application mobile La Ruta de las Casas Tipicas Las Galeras\" class=\"wp-image-1143\" style=\"width:250px\" srcset=\"https:\/\/www.rutadelascasastipicasrd.com\/wp-content\/uploads\/2026\/02\/App-Mobile-FR.jpeg 720w, https:\/\/www.rutadelascasastipicasrd.com\/wp-content\/uploads\/2026\/02\/App-Mobile-FR-135x300.jpeg 135w, https:\/\/www.rutadelascasastipicasrd.com\/wp-content\/uploads\/2026\/02\/App-Mobile-FR-461x1024.jpeg 461w, https:\/\/www.rutadelascasastipicasrd.com\/wp-content\/uploads\/2026\/02\/App-Mobile-FR-691x1536.jpeg 691w\" sizes=\"auto, (max-width: 720px) 100vw, 720px\" \/><\/a><\/figure>\n<\/div>\n\n\n<p><strong>Contenu de l\u2019audioguide : <\/strong><br>16 capsules audio en Fran\u00e7ais, organis\u00e9es au fil de votre parcours. <\/p>\n\n\n\n<p>Pr\u00e8s d&rsquo;une heure d&rsquo;\u00e9coute d\u00e9coup\u00e9es en capsules th\u00e9matiques, pour apprendre \u00e0 regarder les maisons typiques du pays et appr\u00e9cier leur valeur patrimoniale.<\/p>\n\n\n\n<p>\u2022  Comment est construite une maison typique<br>\u2022  Les types de maisons \u201cnucl\u00e9aire\u201d et \u201clin\u00e9aire\u201d<br>\u2022  La vie familiale dominicaine<br>\u2022  Le r\u00f4le social de la rue<br>\u2022  Fog\u00f3n, greca, galer\u00eda<br>\u2022  Diaspora et modernit\u00e9<br>\u2022  M\u00e9moire et identit\u00e9\u2026<\/p>\n\n\n\n<p><br>Vous aurez \u00e9galement un acc\u00e8s \u00e0 la <strong>carte <strong>de l&rsquo;itin\u00e9raire \u00e0 suivre<\/strong> <\/strong>sur <strong>Google Maps, <\/strong>que vous pourrez consulter hors ligne, m\u00eame si vous n&rsquo;avez pas d&rsquo;internet.<\/p>\n\n\n<p><script async\n  src=\"https:\/\/js.stripe.com\/v3\/buy-button.js\"><br \/>\n<\/script><\/p>\n<div style=\"display:flex; justify-content:center; align-items:center; margin:40px 0;\">\n  <stripe-buy-button\n    buy-button-id=\"buy_btn_1T3OXBBUQoCB8qQZoLa2oJCN\"\n    publishable-key=\"pk_live_51P3TBbBUQoCB8qQZYsuQjKeNKR2vqNdP2rrb1TD3VjlBTlZS1VCTMEBtwMKhViHeeIgtgctv75srjNUgzKefPexX00U073uIGt\"\n  ><br \/>\n  <\/stripe-buy-button>\n<\/div>\n\n\n<p class=\"has-text-align-center\"><em>Paiement s\u00e9curis\u00e9 \u2022 5 langues disponibles <em>\u2022<\/em> Acc\u00e8s imm\u00e9diat et valide pendant 7 jours<\/em><\/p>\n\n\n\n<h2 class=\"wp-block-heading\" style=\"font-size:30px\">Une journ\u00e9e culturelle et bucolique autour de Las Galeras<\/h2>\n\n\n\n<p>La petite route qui serpente entre les hameaux vous offre des vues spectaculaires. Des maisons aux couleurs vives, construites en bois de palmier royal, des gens qui vous saluent, un paysan qui marche, sa machette accroch\u00e9e \u00e0 la ceinture et un sac de noix de cocos sur le dos de son \u00e2ne&#8230;<br>La campagne dominicaine, entre les petites montagnes et la superbe baie de Rinc\u00f3n vous fera sentir la r\u00e9alit\u00e9 du pays, la beaut\u00e9 de ses paysages, la gentillesse de ses habitants, et surtout, vous donnera le sentiment de faire un voyage utile, hors des sentiers battus et des r\u00e9gions touristiques.<br><strong>Vous \u00e9coutez.<br>Vous vous arr\u00eatez quand vous le souhaitez.<br>Vous d\u00e9couvrez, <\/strong><br><strong>vous apprenez, <\/strong><br><strong>vous appr\u00e9ciez l&rsquo;itin\u00e9raire<\/strong>.<br><br>\u00c0 mi-parcours, profitez d\u2019une <strong>pause \u00e0 Playa Rinc\u00f3n<\/strong>, <strong>l\u2019une des plus belles plages du monde<\/strong> ; 5 kilom\u00e8tres de sable blanc, cocotiers, eau turquoise, et le Ca\u00f1o Fr\u00edo pour vous rafra\u00eechir.<\/p>\n\n\n\n<h2 class=\"wp-block-heading\"><strong>Un projet culturel avec un impact r\u00e9el<\/strong><\/h2>\n\n\n\n<p>Votre achat contribue directement \u00e0 la pr\u00e9servation de plus de 50 maisons participantes, \u00e0 l&rsquo;organisation du concours annuel des maisons typiques (peinture, bois, zinc) et au d\u00e9veloppement du projet.<\/p>\n\n\n\n<blockquote class=\"wp-block-quote is-layout-flow wp-block-quote-is-layout-flow\">\n<p class=\"has-text-align-center\">Au nom de tous les participants de la Route : MERCI !<\/p>\n<\/blockquote>\n\n\n\n<p>Transformez une superbe balade en voiture en exp\u00e9rience culturelle pour d\u00e9couvrir le pays plus en profondeur.<\/p>\n\n\n<div class=\"wp-block-image\">\n<figure class=\"aligncenter size-full is-resized\"><img loading=\"lazy\" decoding=\"async\" width=\"1536\" height=\"1024\" src=\"https:\/\/www.rutadelascasastipicasrd.com\/wp-content\/uploads\/2026\/02\/carte-illustration-ruta-de-las-casas-tipicas-galeras.png\" alt=\"Ruta de las casas tipicas, Las Galeras, Saman\u00e1\" class=\"wp-image-1164\" style=\"width:600px\" srcset=\"https:\/\/www.rutadelascasastipicasrd.com\/wp-content\/uploads\/2026\/02\/carte-illustration-ruta-de-las-casas-tipicas-galeras.png 1536w, https:\/\/www.rutadelascasastipicasrd.com\/wp-content\/uploads\/2026\/02\/carte-illustration-ruta-de-las-casas-tipicas-galeras-300x200.png 300w, https:\/\/www.rutadelascasastipicasrd.com\/wp-content\/uploads\/2026\/02\/carte-illustration-ruta-de-las-casas-tipicas-galeras-1024x683.png 1024w, https:\/\/www.rutadelascasastipicasrd.com\/wp-content\/uploads\/2026\/02\/carte-illustration-ruta-de-las-casas-tipicas-galeras-768x512.png 768w\" sizes=\"auto, (max-width: 767px) 89vw, (max-width: 1000px) 54vw, (max-width: 1071px) 543px, 580px\" \/><\/figure>\n<\/div>\n\n<p><script async\n  src=\"https:\/\/js.stripe.com\/v3\/buy-button.js\"><br \/>\n<\/script><\/p>\n<div style=\"display: flex; justify-content: center; align-items: center; margin: 40px 0;\">\u00a0<\/div>\n\n\n<blockquote class=\"wp-block-quote is-layout-flow wp-block-quote-is-layout-flow\">\n<p class=\"has-text-align-center\">Ils ont fait la Ruta de las Casas T\u00edpicas, et ils ont ador\u00e9 !<\/p>\n<\/blockquote>\n\n\n<div class=\"wp-block-image\">\n<figure class=\"aligncenter size-full is-resized\"><a href=\"https:\/\/www.tripadvisor.fr\/Attraction_Review-g793703-d26910804-Reviews-Ruta_De_Las_Casas_Tipicas-Las_Galeras_Samana_Province_Dominican_Republic.html\" target=\"_blank\" rel=\" noreferrer noopener\"><img loading=\"lazy\" decoding=\"async\" width=\"972\" height=\"708\" src=\"https:\/\/www.rutadelascasastipicasrd.com\/wp-content\/uploads\/2026\/02\/Tripadvisor.jpg\" alt=\"Ruta de las casas tipicas, las galeras samana, tripadvisir\" class=\"wp-image-1172\" style=\"width:800px\" srcset=\"https:\/\/www.rutadelascasastipicasrd.com\/wp-content\/uploads\/2026\/02\/Tripadvisor.jpg 972w, https:\/\/www.rutadelascasastipicasrd.com\/wp-content\/uploads\/2026\/02\/Tripadvisor-300x219.jpg 300w, https:\/\/www.rutadelascasastipicasrd.com\/wp-content\/uploads\/2026\/02\/Tripadvisor-768x559.jpg 768w\" sizes=\"auto, (max-width: 767px) 89vw, (max-width: 1000px) 54vw, (max-width: 1071px) 543px, 580px\" \/><\/a><\/figure>\n<\/div>","protected":false},"excerpt":{"rendered":"<p>D\u00e9couvrez l&rsquo;audioguide pour mobile de la Ruta de las Casas T\u00edpicas Un audioguide \u00e0 t\u00e9l\u00e9charger sur votre mobile et utilisable sans connexion internet (mode d&#8217;emploi simple fourni lors de l&rsquo;achat en ligne). L&rsquo;audioguide est compos\u00e9 de 16 capsules audio de 2 \u00e0 3 minutes chacune, pour d\u00e9couvrir la Route des Maisons Typiques de Las Galeras &hellip; <\/p>\n<p class=\"link-more\"><a href=\"https:\/\/www.rutadelascasastipicasrd.com\/index.php\/audioguide\/\" class=\"more-link\">Continuer la lecture<span class=\"screen-reader-text\"> de &laquo;&nbsp;AudioGuide&nbsp;&raquo;<\/span><\/a><\/p>\n","protected":false},"author":1,"featured_media":0,"parent":0,"menu_order":0,"comment_status":"closed","ping_status":"closed","template":"","meta":{"footnotes":""},"class_list":["post-1126","page","type-page","status-publish","hentry"],"yoast_head":"<!-- This site is optimized with the Yoast SEO plugin v27.3 - https:\/\/yoast.com\/product\/yoast-seo-wordpress\/ -->\n<title>AudioGuide - La Ruta de las Casas T\u00edpicas<\/title>\n<meta name=\"robots\" content=\"index, follow, max-snippet:-1, max-image-preview:large, max-video-preview:-1\" \/>\n<link rel=\"canonical\" href=\"https:\/\/www.rutadelascasastipicasrd.com\/index.php\/audioguide\/\" \/>\n<meta property=\"og:locale\" content=\"fr_FR\" \/>\n<meta property=\"og:type\" content=\"article\" \/>\n<meta property=\"og:title\" content=\"AudioGuide - La Ruta de las Casas T\u00edpicas\" \/>\n<meta property=\"og:description\" content=\"D\u00e9couvrez l&rsquo;audioguide pour mobile de la Ruta de las Casas T\u00edpicas Un audioguide \u00e0 t\u00e9l\u00e9charger sur votre mobile et utilisable sans connexion internet (mode d&#8217;emploi simple fourni lors de l&rsquo;achat en ligne). L&rsquo;audioguide est compos\u00e9 de 16 capsules audio de 2 \u00e0 3 minutes chacune, pour d\u00e9couvrir la Route des Maisons Typiques de Las Galeras &hellip; Continuer la lecture de &laquo;&nbsp;AudioGuide&nbsp;&raquo;\" \/>\n<meta property=\"og:url\" content=\"https:\/\/www.rutadelascasastipicasrd.com\/index.php\/audioguide\/\" \/>\n<meta property=\"og:site_name\" content=\"La Ruta de las Casas T\u00edpicas\" \/>\n<meta property=\"article:modified_time\" content=\"2026-02-28T22:49:13+00:00\" \/>\n<meta property=\"og:image\" content=\"https:\/\/www.rutadelascasastipicasrd.com\/wp-content\/uploads\/2026\/02\/App-Mobile-FR.jpeg\" \/>\n\t<meta property=\"og:image:width\" content=\"720\" \/>\n\t<meta property=\"og:image:height\" content=\"1600\" \/>\n\t<meta property=\"og:image:type\" content=\"image\/jpeg\" \/>\n<meta name=\"twitter:card\" content=\"summary_large_image\" \/>\n<meta name=\"twitter:label1\" content=\"Dur\u00e9e de lecture estim\u00e9e\" \/>\n\t<meta name=\"twitter:data1\" content=\"3 minutes\" \/>\n<script type=\"application\/ld+json\" class=\"yoast-schema-graph\">{\"@context\":\"https:\\\/\\\/schema.org\",\"@graph\":[{\"@type\":\"WebPage\",\"@id\":\"https:\\\/\\\/www.rutadelascasastipicasrd.com\\\/index.php\\\/audioguide\\\/\",\"url\":\"https:\\\/\\\/www.rutadelascasastipicasrd.com\\\/index.php\\\/audioguide\\\/\",\"name\":\"AudioGuide - La Ruta de las Casas T\u00edpicas\",\"isPartOf\":{\"@id\":\"https:\\\/\\\/www.rutadelascasastipicasrd.com\\\/#website\"},\"primaryImageOfPage\":{\"@id\":\"https:\\\/\\\/www.rutadelascasastipicasrd.com\\\/index.php\\\/audioguide\\\/#primaryimage\"},\"image\":{\"@id\":\"https:\\\/\\\/www.rutadelascasastipicasrd.com\\\/index.php\\\/audioguide\\\/#primaryimage\"},\"thumbnailUrl\":\"https:\\\/\\\/www.rutadelascasastipicasrd.com\\\/wp-content\\\/uploads\\\/2026\\\/02\\\/App-Mobile-FR.jpeg\",\"datePublished\":\"2026-02-21T21:30:15+00:00\",\"dateModified\":\"2026-02-28T22:49:13+00:00\",\"breadcrumb\":{\"@id\":\"https:\\\/\\\/www.rutadelascasastipicasrd.com\\\/index.php\\\/audioguide\\\/#breadcrumb\"},\"inLanguage\":\"fr-FR\",\"potentialAction\":[{\"@type\":\"ReadAction\",\"target\":[\"https:\\\/\\\/www.rutadelascasastipicasrd.com\\\/index.php\\\/audioguide\\\/\"]}]},{\"@type\":\"ImageObject\",\"inLanguage\":\"fr-FR\",\"@id\":\"https:\\\/\\\/www.rutadelascasastipicasrd.com\\\/index.php\\\/audioguide\\\/#primaryimage\",\"url\":\"https:\\\/\\\/www.rutadelascasastipicasrd.com\\\/wp-content\\\/uploads\\\/2026\\\/02\\\/App-Mobile-FR.jpeg\",\"contentUrl\":\"https:\\\/\\\/www.rutadelascasastipicasrd.com\\\/wp-content\\\/uploads\\\/2026\\\/02\\\/App-Mobile-FR.jpeg\",\"width\":720,\"height\":1600,\"caption\":\"application mobile La Ruta de las Casas Tipicas Las Galeras\"},{\"@type\":\"BreadcrumbList\",\"@id\":\"https:\\\/\\\/www.rutadelascasastipicasrd.com\\\/index.php\\\/audioguide\\\/#breadcrumb\",\"itemListElement\":[{\"@type\":\"ListItem\",\"position\":1,\"name\":\"Home\",\"item\":\"https:\\\/\\\/www.rutadelascasastipicasrd.com\\\/index.php\\\/es\\\/inicio\\\/\"},{\"@type\":\"ListItem\",\"position\":2,\"name\":\"AudioGuide\"}]},{\"@type\":\"WebSite\",\"@id\":\"https:\\\/\\\/www.rutadelascasastipicasrd.com\\\/#website\",\"url\":\"https:\\\/\\\/www.rutadelascasastipicasrd.com\\\/\",\"name\":\"La Ruta de las Casas T\u00edpicas\",\"description\":\"Rep\u00fablica Dominicana\",\"publisher\":{\"@id\":\"https:\\\/\\\/www.rutadelascasastipicasrd.com\\\/#organization\"},\"potentialAction\":[{\"@type\":\"SearchAction\",\"target\":{\"@type\":\"EntryPoint\",\"urlTemplate\":\"https:\\\/\\\/www.rutadelascasastipicasrd.com\\\/?s={search_term_string}\"},\"query-input\":{\"@type\":\"PropertyValueSpecification\",\"valueRequired\":true,\"valueName\":\"search_term_string\"}}],\"inLanguage\":\"fr-FR\"},{\"@type\":\"Organization\",\"@id\":\"https:\\\/\\\/www.rutadelascasastipicasrd.com\\\/#organization\",\"name\":\"La Ruta de las Casas T\u00edpicas\",\"url\":\"https:\\\/\\\/www.rutadelascasastipicasrd.com\\\/\",\"logo\":{\"@type\":\"ImageObject\",\"inLanguage\":\"fr-FR\",\"@id\":\"https:\\\/\\\/www.rutadelascasastipicasrd.com\\\/#\\\/schema\\\/logo\\\/image\\\/\",\"url\":\"https:\\\/\\\/www.rutadelascasastipicasrd.com\\\/wp-content\\\/uploads\\\/2024\\\/02\\\/cropped-2024-Ruta-de-las-casas-tipicas-fondo-transparente.png\",\"contentUrl\":\"https:\\\/\\\/www.rutadelascasastipicasrd.com\\\/wp-content\\\/uploads\\\/2024\\\/02\\\/cropped-2024-Ruta-de-las-casas-tipicas-fondo-transparente.png\",\"width\":1563,\"height\":1563,\"caption\":\"La Ruta de las Casas T\u00edpicas\"},\"image\":{\"@id\":\"https:\\\/\\\/www.rutadelascasastipicasrd.com\\\/#\\\/schema\\\/logo\\\/image\\\/\"}}]}<\/script>\n<!-- \/ Yoast SEO plugin. -->","yoast_head_json":{"title":"AudioGuide - La Ruta de las Casas T\u00edpicas","robots":{"index":"index","follow":"follow","max-snippet":"max-snippet:-1","max-image-preview":"max-image-preview:large","max-video-preview":"max-video-preview:-1"},"canonical":"https:\/\/www.rutadelascasastipicasrd.com\/index.php\/audioguide\/","og_locale":"fr_FR","og_type":"article","og_title":"AudioGuide - La Ruta de las Casas T\u00edpicas","og_description":"D\u00e9couvrez l&rsquo;audioguide pour mobile de la Ruta de las Casas T\u00edpicas Un audioguide \u00e0 t\u00e9l\u00e9charger sur votre mobile et utilisable sans connexion internet (mode d&#8217;emploi simple fourni lors de l&rsquo;achat en ligne). L&rsquo;audioguide est compos\u00e9 de 16 capsules audio de 2 \u00e0 3 minutes chacune, pour d\u00e9couvrir la Route des Maisons Typiques de Las Galeras &hellip; Continuer la lecture de &laquo;&nbsp;AudioGuide&nbsp;&raquo;","og_url":"https:\/\/www.rutadelascasastipicasrd.com\/index.php\/audioguide\/","og_site_name":"La Ruta de las Casas T\u00edpicas","article_modified_time":"2026-02-28T22:49:13+00:00","og_image":[{"width":720,"height":1600,"url":"https:\/\/www.rutadelascasastipicasrd.com\/wp-content\/uploads\/2026\/02\/App-Mobile-FR.jpeg","type":"image\/jpeg"}],"twitter_card":"summary_large_image","twitter_misc":{"Dur\u00e9e de lecture estim\u00e9e":"3 minutes"},"schema":{"@context":"https:\/\/schema.org","@graph":[{"@type":"WebPage","@id":"https:\/\/www.rutadelascasastipicasrd.com\/index.php\/audioguide\/","url":"https:\/\/www.rutadelascasastipicasrd.com\/index.php\/audioguide\/","name":"AudioGuide - La Ruta de las Casas T\u00edpicas","isPartOf":{"@id":"https:\/\/www.rutadelascasastipicasrd.com\/#website"},"primaryImageOfPage":{"@id":"https:\/\/www.rutadelascasastipicasrd.com\/index.php\/audioguide\/#primaryimage"},"image":{"@id":"https:\/\/www.rutadelascasastipicasrd.com\/index.php\/audioguide\/#primaryimage"},"thumbnailUrl":"https:\/\/www.rutadelascasastipicasrd.com\/wp-content\/uploads\/2026\/02\/App-Mobile-FR.jpeg","datePublished":"2026-02-21T21:30:15+00:00","dateModified":"2026-02-28T22:49:13+00:00","breadcrumb":{"@id":"https:\/\/www.rutadelascasastipicasrd.com\/index.php\/audioguide\/#breadcrumb"},"inLanguage":"fr-FR","potentialAction":[{"@type":"ReadAction","target":["https:\/\/www.rutadelascasastipicasrd.com\/index.php\/audioguide\/"]}]},{"@type":"ImageObject","inLanguage":"fr-FR","@id":"https:\/\/www.rutadelascasastipicasrd.com\/index.php\/audioguide\/#primaryimage","url":"https:\/\/www.rutadelascasastipicasrd.com\/wp-content\/uploads\/2026\/02\/App-Mobile-FR.jpeg","contentUrl":"https:\/\/www.rutadelascasastipicasrd.com\/wp-content\/uploads\/2026\/02\/App-Mobile-FR.jpeg","width":720,"height":1600,"caption":"application mobile La Ruta de las Casas Tipicas Las Galeras"},{"@type":"BreadcrumbList","@id":"https:\/\/www.rutadelascasastipicasrd.com\/index.php\/audioguide\/#breadcrumb","itemListElement":[{"@type":"ListItem","position":1,"name":"Home","item":"https:\/\/www.rutadelascasastipicasrd.com\/index.php\/es\/inicio\/"},{"@type":"ListItem","position":2,"name":"AudioGuide"}]},{"@type":"WebSite","@id":"https:\/\/www.rutadelascasastipicasrd.com\/#website","url":"https:\/\/www.rutadelascasastipicasrd.com\/","name":"La Ruta de las Casas T\u00edpicas","description":"Rep\u00fablica Dominicana","publisher":{"@id":"https:\/\/www.rutadelascasastipicasrd.com\/#organization"},"potentialAction":[{"@type":"SearchAction","target":{"@type":"EntryPoint","urlTemplate":"https:\/\/www.rutadelascasastipicasrd.com\/?s={search_term_string}"},"query-input":{"@type":"PropertyValueSpecification","valueRequired":true,"valueName":"search_term_string"}}],"inLanguage":"fr-FR"},{"@type":"Organization","@id":"https:\/\/www.rutadelascasastipicasrd.com\/#organization","name":"La Ruta de las Casas T\u00edpicas","url":"https:\/\/www.rutadelascasastipicasrd.com\/","logo":{"@type":"ImageObject","inLanguage":"fr-FR","@id":"https:\/\/www.rutadelascasastipicasrd.com\/#\/schema\/logo\/image\/","url":"https:\/\/www.rutadelascasastipicasrd.com\/wp-content\/uploads\/2024\/02\/cropped-2024-Ruta-de-las-casas-tipicas-fondo-transparente.png","contentUrl":"https:\/\/www.rutadelascasastipicasrd.com\/wp-content\/uploads\/2024\/02\/cropped-2024-Ruta-de-las-casas-tipicas-fondo-transparente.png","width":1563,"height":1563,"caption":"La Ruta de las Casas T\u00edpicas"},"image":{"@id":"https:\/\/www.rutadelascasastipicasrd.com\/#\/schema\/logo\/image\/"}}]}},"jetpack_sharing_enabled":true,"_links":{"self":[{"href":"https:\/\/www.rutadelascasastipicasrd.com\/index.php\/wp-json\/wp\/v2\/pages\/1126","targetHints":{"allow":["GET"]}}],"collection":[{"href":"https:\/\/www.rutadelascasastipicasrd.com\/index.php\/wp-json\/wp\/v2\/pages"}],"about":[{"href":"https:\/\/www.rutadelascasastipicasrd.com\/index.php\/wp-json\/wp\/v2\/types\/page"}],"author":[{"embeddable":true,"href":"https:\/\/www.rutadelascasastipicasrd.com\/index.php\/wp-json\/wp\/v2\/users\/1"}],"replies":[{"embeddable":true,"href":"https:\/\/www.rutadelascasastipicasrd.com\/index.php\/wp-json\/wp\/v2\/comments?post=1126"}],"version-history":[{"count":37,"href":"https:\/\/www.rutadelascasastipicasrd.com\/index.php\/wp-json\/wp\/v2\/pages\/1126\/revisions"}],"predecessor-version":[{"id":1255,"href":"https:\/\/www.rutadelascasastipicasrd.com\/index.php\/wp-json\/wp\/v2\/pages\/1126\/revisions\/1255"}],"wp:attachment":[{"href":"https:\/\/www.rutadelascasastipicasrd.com\/index.php\/wp-json\/wp\/v2\/media?parent=1126"}],"curies":[{"name":"wp","href":"https:\/\/api.w.org\/{rel}","templated":true}]}}