{"id":425,"date":"2022-07-04T16:57:34","date_gmt":"2022-07-04T20:57:34","guid":{"rendered":"https:\/\/www.rutadelascasastipicasrd.com\/?page_id=425"},"modified":"2022-08-30T21:02:56","modified_gmt":"2022-08-31T01:02:56","slug":"the-route-of-typical-houses","status":"publish","type":"page","link":"https:\/\/www.rutadelascasastipicasrd.com\/index.php\/en\/the-route-of-typical-houses\/","title":{"rendered":"Introduction to La Ruta de las Casas T\u00edpicas"},"content":{"rendered":"\n<p>The first <strong>La Ruta de las Casas T\u00edpicas<\/strong> (<em>Route of rustic houses<\/em>) is located in the municipality of Las Galeras, in the Saman\u00e1 Peninsula, in the northeast of the Dominican Republic.<\/p>\n\n\n\n<h2 class=\"wp-block-heading\">Las Galeras and its dream beaches<\/h2>\n\n\n\n<p>The village of <strong>Las Galeras is known for its beautiful secluded white sand beaches, its coconut trees and translucent waters<\/strong>. Hundreds of <strong>humpback whales<\/strong> head from Canada to reproduce in its warm waters every year between January and March.<\/p>\n\n\n\n<p>Among our dream beaches, <strong>Playa Rinc\u00f3n<\/strong> is an impressive 3 miles (5 kilometers) long beach lined with coconut trees, <strong>Playa Front\u00f3n and its black cliff<\/strong> that overhangs it, is only accessible by boat or on foot. <strong>Playa Colorada and its cinnamon-colored sand<\/strong> are ones of the most beautiful beaches in the country, if not in the world.<\/p>\n\n\n\n<h2 class=\"wp-block-heading\">Las Galeras from its countryside<\/h2>\n\n\n\n<p>However, beyond the dream beaches, the whale watching season and the luxuriant landscapes, <strong>the roads of Las Galeras cross a quantity of picturesque hamlets that you should not miss<\/strong>. They are the best way to <strong>discover the heart of the Dominican Republic<\/strong>, <strong>the smile and warmth of its inhabitants<\/strong>, its <strong>rural life<\/strong> and its <strong>typical and colorful wooden houses<\/strong>.<\/p>\n\n\n\n<p>If you take the time to travel these roads, you will fall in love with its small mountains, its red dirt roads and its <strong>impressive panoramic views<\/strong>.<\/p>\n\n\n\n<p>Away from the main road, this <strong>bucolic route<\/strong> will allow you to contemplate the small colored houses that symbolize for some their <strong>childhood memories<\/strong> and for others that of <strong>a time when life was simpler and more connected to nature<\/strong>.<\/p>\n\n\n\n<p> You will see the locals smiling and waving, the children coming home from school in their pretty uniforms, the women hanging out the laundry or shelling the \u00ab\u00a0guandules\u00a0\u00bb (a kind of pea) for dinner.<\/p>\n\n\n\n<p>Tourism has brought economic progress to Las Galeras; <strong>thanks to your support to the locals<\/strong>, rather than erasing a past they are sometimes ashamed of, they will now be able to <strong>preserve<\/strong>, <strong>next to their new homes<\/strong>, their typical houses that give the village its <strong>charm<\/strong>, its <strong>soul<\/strong> and its <strong>identity<\/strong>.<\/p>\n\n\n\n<p>Taste a freshly brewed coffee, eat a delicious dish prepared with love, buy some souvenirs or local handicrafts, live the experience of sleeping in a typical house are values that <strong>La Ruta de las Casas T\u00edpicas<\/strong> wants to maintain for a <strong>sustainable and reasoned tourism<\/strong>.<\/p>\n\n\n\n<p><strong>Your visit is a real support to the community that will leave you with unforgettable memories.<\/strong> It also <strong>helps local owners value their typical houses<\/strong> and be able to show them to their grandchildren and visitors from all over the world in the future.<\/p>\n\n\n\n<p>Discover the interactive map of <strong>La Ruta de las Casas T\u00edpicas<\/strong>.<\/p>\n","protected":false},"excerpt":{"rendered":"<p>The first La Ruta de las Casas T\u00edpicas (Route of rustic houses) is located in the municipality of Las Galeras, in the Saman\u00e1 Peninsula, in the northeast of the Dominican Republic. Las Galeras and its dream beaches The village of Las Galeras is known for its beautiful secluded white sand beaches, its coconut trees and &hellip; <\/p>\n<p class=\"link-more\"><a href=\"https:\/\/www.rutadelascasastipicasrd.com\/index.php\/en\/the-route-of-typical-houses\/\" class=\"more-link\">Continuer la lecture<span class=\"screen-reader-text\"> de &laquo;&nbsp;Introduction to La Ruta de las Casas T\u00edpicas&nbsp;&raquo;<\/span><\/a><\/p>\n","protected":false},"author":1,"featured_media":0,"parent":0,"menu_order":0,"comment_status":"closed","ping_status":"closed","template":"","meta":{"footnotes":""},"class_list":["post-425","page","type-page","status-publish","hentry"],"yoast_head":"<!-- This site is optimized with the Yoast SEO plugin v27.4 - https:\/\/yoast.com\/product\/yoast-seo-wordpress\/ -->\n<title>Introduction to La Ruta de las Casas T\u00edpicas - La Ruta de las Casas T\u00edpicas<\/title>\n<meta name=\"description\" content=\"The Route of the Typical Houses promotes sustainable tourism. Your visit is a fabulous support for locals to save thier cultural heritage!\" \/>\n<meta name=\"robots\" content=\"index, follow, max-snippet:-1, max-image-preview:large, max-video-preview:-1\" \/>\n<link rel=\"canonical\" href=\"https:\/\/www.rutadelascasastipicasrd.com\/index.php\/en\/the-route-of-typical-houses\/\" \/>\n<meta property=\"og:locale\" content=\"fr_FR\" \/>\n<meta property=\"og:type\" content=\"article\" \/>\n<meta property=\"og:title\" content=\"Introduction to La Ruta de las Casas T\u00edpicas - La Ruta de las Casas T\u00edpicas\" \/>\n<meta property=\"og:description\" content=\"The Route of the Typical Houses promotes sustainable tourism. Your visit is a fabulous support for locals to save thier cultural heritage!\" \/>\n<meta property=\"og:url\" content=\"https:\/\/www.rutadelascasastipicasrd.com\/index.php\/en\/the-route-of-typical-houses\/\" \/>\n<meta property=\"og:site_name\" content=\"La Ruta de las Casas T\u00edpicas\" \/>\n<meta property=\"article:modified_time\" content=\"2022-08-31T01:02:56+00:00\" \/>\n<meta name=\"twitter:card\" content=\"summary_large_image\" \/>\n<meta name=\"twitter:label1\" content=\"Dur\u00e9e de lecture estim\u00e9e\" \/>\n\t<meta name=\"twitter:data1\" content=\"3 minutes\" \/>\n<script type=\"application\/ld+json\" class=\"yoast-schema-graph\">{\"@context\":\"https:\\\/\\\/schema.org\",\"@graph\":[{\"@type\":\"WebPage\",\"@id\":\"https:\\\/\\\/www.rutadelascasastipicasrd.com\\\/index.php\\\/en\\\/the-route-of-typical-houses\\\/\",\"url\":\"https:\\\/\\\/www.rutadelascasastipicasrd.com\\\/index.php\\\/en\\\/the-route-of-typical-houses\\\/\",\"name\":\"Introduction to La Ruta de las Casas T\u00edpicas - La Ruta de las Casas T\u00edpicas\",\"isPartOf\":{\"@id\":\"https:\\\/\\\/www.rutadelascasastipicasrd.com\\\/#website\"},\"datePublished\":\"2022-07-04T20:57:34+00:00\",\"dateModified\":\"2022-08-31T01:02:56+00:00\",\"description\":\"The Route of the Typical Houses promotes sustainable tourism. Your visit is a fabulous support for locals to save thier cultural heritage!\",\"breadcrumb\":{\"@id\":\"https:\\\/\\\/www.rutadelascasastipicasrd.com\\\/index.php\\\/en\\\/the-route-of-typical-houses\\\/#breadcrumb\"},\"inLanguage\":\"fr-FR\",\"potentialAction\":[{\"@type\":\"ReadAction\",\"target\":[\"https:\\\/\\\/www.rutadelascasastipicasrd.com\\\/index.php\\\/en\\\/the-route-of-typical-houses\\\/\"]}]},{\"@type\":\"BreadcrumbList\",\"@id\":\"https:\\\/\\\/www.rutadelascasastipicasrd.com\\\/index.php\\\/en\\\/the-route-of-typical-houses\\\/#breadcrumb\",\"itemListElement\":[{\"@type\":\"ListItem\",\"position\":1,\"name\":\"Home\",\"item\":\"https:\\\/\\\/www.rutadelascasastipicasrd.com\\\/index.php\\\/es\\\/inicio\\\/\"},{\"@type\":\"ListItem\",\"position\":2,\"name\":\"Introduction to La Ruta de las Casas T\u00edpicas\"}]},{\"@type\":\"WebSite\",\"@id\":\"https:\\\/\\\/www.rutadelascasastipicasrd.com\\\/#website\",\"url\":\"https:\\\/\\\/www.rutadelascasastipicasrd.com\\\/\",\"name\":\"La Ruta de las Casas T\u00edpicas\",\"description\":\"Rep\u00fablica Dominicana\",\"publisher\":{\"@id\":\"https:\\\/\\\/www.rutadelascasastipicasrd.com\\\/#organization\"},\"potentialAction\":[{\"@type\":\"SearchAction\",\"target\":{\"@type\":\"EntryPoint\",\"urlTemplate\":\"https:\\\/\\\/www.rutadelascasastipicasrd.com\\\/?s={search_term_string}\"},\"query-input\":{\"@type\":\"PropertyValueSpecification\",\"valueRequired\":true,\"valueName\":\"search_term_string\"}}],\"inLanguage\":\"fr-FR\"},{\"@type\":\"Organization\",\"@id\":\"https:\\\/\\\/www.rutadelascasastipicasrd.com\\\/#organization\",\"name\":\"La Ruta de las Casas T\u00edpicas\",\"url\":\"https:\\\/\\\/www.rutadelascasastipicasrd.com\\\/\",\"logo\":{\"@type\":\"ImageObject\",\"inLanguage\":\"fr-FR\",\"@id\":\"https:\\\/\\\/www.rutadelascasastipicasrd.com\\\/#\\\/schema\\\/logo\\\/image\\\/\",\"url\":\"https:\\\/\\\/www.rutadelascasastipicasrd.com\\\/wp-content\\\/uploads\\\/2024\\\/02\\\/cropped-2024-Ruta-de-las-casas-tipicas-fondo-transparente.png\",\"contentUrl\":\"https:\\\/\\\/www.rutadelascasastipicasrd.com\\\/wp-content\\\/uploads\\\/2024\\\/02\\\/cropped-2024-Ruta-de-las-casas-tipicas-fondo-transparente.png\",\"width\":1563,\"height\":1563,\"caption\":\"La Ruta de las Casas T\u00edpicas\"},\"image\":{\"@id\":\"https:\\\/\\\/www.rutadelascasastipicasrd.com\\\/#\\\/schema\\\/logo\\\/image\\\/\"}}]}<\/script>\n<!-- \/ Yoast SEO plugin. -->","yoast_head_json":{"title":"Introduction to La Ruta de las Casas T\u00edpicas - La Ruta de las Casas T\u00edpicas","description":"The Route of the Typical Houses promotes sustainable tourism. Your visit is a fabulous support for locals to save thier cultural heritage!","robots":{"index":"index","follow":"follow","max-snippet":"max-snippet:-1","max-image-preview":"max-image-preview:large","max-video-preview":"max-video-preview:-1"},"canonical":"https:\/\/www.rutadelascasastipicasrd.com\/index.php\/en\/the-route-of-typical-houses\/","og_locale":"fr_FR","og_type":"article","og_title":"Introduction to La Ruta de las Casas T\u00edpicas - La Ruta de las Casas T\u00edpicas","og_description":"The Route of the Typical Houses promotes sustainable tourism. Your visit is a fabulous support for locals to save thier cultural heritage!","og_url":"https:\/\/www.rutadelascasastipicasrd.com\/index.php\/en\/the-route-of-typical-houses\/","og_site_name":"La Ruta de las Casas T\u00edpicas","article_modified_time":"2022-08-31T01:02:56+00:00","twitter_card":"summary_large_image","twitter_misc":{"Dur\u00e9e de lecture estim\u00e9e":"3 minutes"},"schema":{"@context":"https:\/\/schema.org","@graph":[{"@type":"WebPage","@id":"https:\/\/www.rutadelascasastipicasrd.com\/index.php\/en\/the-route-of-typical-houses\/","url":"https:\/\/www.rutadelascasastipicasrd.com\/index.php\/en\/the-route-of-typical-houses\/","name":"Introduction to La Ruta de las Casas T\u00edpicas - La Ruta de las Casas T\u00edpicas","isPartOf":{"@id":"https:\/\/www.rutadelascasastipicasrd.com\/#website"},"datePublished":"2022-07-04T20:57:34+00:00","dateModified":"2022-08-31T01:02:56+00:00","description":"The Route of the Typical Houses promotes sustainable tourism. Your visit is a fabulous support for locals to save thier cultural heritage!","breadcrumb":{"@id":"https:\/\/www.rutadelascasastipicasrd.com\/index.php\/en\/the-route-of-typical-houses\/#breadcrumb"},"inLanguage":"fr-FR","potentialAction":[{"@type":"ReadAction","target":["https:\/\/www.rutadelascasastipicasrd.com\/index.php\/en\/the-route-of-typical-houses\/"]}]},{"@type":"BreadcrumbList","@id":"https:\/\/www.rutadelascasastipicasrd.com\/index.php\/en\/the-route-of-typical-houses\/#breadcrumb","itemListElement":[{"@type":"ListItem","position":1,"name":"Home","item":"https:\/\/www.rutadelascasastipicasrd.com\/index.php\/es\/inicio\/"},{"@type":"ListItem","position":2,"name":"Introduction to La Ruta de las Casas T\u00edpicas"}]},{"@type":"WebSite","@id":"https:\/\/www.rutadelascasastipicasrd.com\/#website","url":"https:\/\/www.rutadelascasastipicasrd.com\/","name":"La Ruta de las Casas T\u00edpicas","description":"Rep\u00fablica Dominicana","publisher":{"@id":"https:\/\/www.rutadelascasastipicasrd.com\/#organization"},"potentialAction":[{"@type":"SearchAction","target":{"@type":"EntryPoint","urlTemplate":"https:\/\/www.rutadelascasastipicasrd.com\/?s={search_term_string}"},"query-input":{"@type":"PropertyValueSpecification","valueRequired":true,"valueName":"search_term_string"}}],"inLanguage":"fr-FR"},{"@type":"Organization","@id":"https:\/\/www.rutadelascasastipicasrd.com\/#organization","name":"La Ruta de las Casas T\u00edpicas","url":"https:\/\/www.rutadelascasastipicasrd.com\/","logo":{"@type":"ImageObject","inLanguage":"fr-FR","@id":"https:\/\/www.rutadelascasastipicasrd.com\/#\/schema\/logo\/image\/","url":"https:\/\/www.rutadelascasastipicasrd.com\/wp-content\/uploads\/2024\/02\/cropped-2024-Ruta-de-las-casas-tipicas-fondo-transparente.png","contentUrl":"https:\/\/www.rutadelascasastipicasrd.com\/wp-content\/uploads\/2024\/02\/cropped-2024-Ruta-de-las-casas-tipicas-fondo-transparente.png","width":1563,"height":1563,"caption":"La Ruta de las Casas T\u00edpicas"},"image":{"@id":"https:\/\/www.rutadelascasastipicasrd.com\/#\/schema\/logo\/image\/"}}]}},"jetpack_sharing_enabled":true,"_links":{"self":[{"href":"https:\/\/www.rutadelascasastipicasrd.com\/index.php\/wp-json\/wp\/v2\/pages\/425","targetHints":{"allow":["GET"]}}],"collection":[{"href":"https:\/\/www.rutadelascasastipicasrd.com\/index.php\/wp-json\/wp\/v2\/pages"}],"about":[{"href":"https:\/\/www.rutadelascasastipicasrd.com\/index.php\/wp-json\/wp\/v2\/types\/page"}],"author":[{"embeddable":true,"href":"https:\/\/www.rutadelascasastipicasrd.com\/index.php\/wp-json\/wp\/v2\/users\/1"}],"replies":[{"embeddable":true,"href":"https:\/\/www.rutadelascasastipicasrd.com\/index.php\/wp-json\/wp\/v2\/comments?post=425"}],"version-history":[{"count":3,"href":"https:\/\/www.rutadelascasastipicasrd.com\/index.php\/wp-json\/wp\/v2\/pages\/425\/revisions"}],"predecessor-version":[{"id":531,"href":"https:\/\/www.rutadelascasastipicasrd.com\/index.php\/wp-json\/wp\/v2\/pages\/425\/revisions\/531"}],"wp:attachment":[{"href":"https:\/\/www.rutadelascasastipicasrd.com\/index.php\/wp-json\/wp\/v2\/media?parent=425"}],"curies":[{"name":"wp","href":"https:\/\/api.w.org\/{rel}","templated":true}]}}